ue
Is 0/13 - (-513177 + 10) a composite number?
False
Let d(x) = 38*x - 121*x + 418*x + 37 - 127*x. Is d(14) composite?
True
Let i be (-3 - (3 + -6))/((-4)/(-2)). Suppose 4*a + i*y - 20 = 2*y, -2*a + 4 = 2*y. Suppose 1325 + 212 = p - a*d, 4*p - 6112 = -2*d. Is p composite?
True
Let u(o) = 3429*o - 234. Let j be u(12). Suppose 10 = 2*a, 4*d + 5*a = 16995 + j. Is d a composite number?
True
Suppose -1600*y + 1596*y + 5*t + 146642 = 0, -y - 4*t + 36629 = 0. Is y composite?
False
Let h = -67 - -61. Let f(k) = -25*k**3 + 9*k + 1. Is f(h) a prime number?
True
Suppose 0 = 14*s - 6*s + 40. Let h be 3514/5 + s/(-25). Suppose 5*m - 832 = h. Is m prime?
True
Suppose -5*j + 162 = a + 10, 5*j + 5*a - 160 = 0. Suppose -31*n + j*n = -2161. Is n a composite number?
False
Let c(r) = -21*r**3 + 3*r - 4. Let p be c(3). Let h = 248 - 247. Is p/(-3) + h/(-3) a prime number?
False
Suppose -221*v + 1141278 = -152*v - 1937985. Is v composite?
True
Suppose 3*h - 38 + 26 = 0. Suppose 0 = -h*z - i + 13544, -z + 3*i = -2773 - 613. Is (1/((-2)/z))/(-1) composite?
False
Let f = 27 - 29. Let k be 52/14 - (0 + f/7). Suppose 0 = k*m - 3261 - 559. Is m a composite number?
True
Suppose 13*c - 1266 - 740 = 9902. Let a be ((-4)/(-10))/(1/2605). Suppose 4*f - a - c = -5*h, 3*h - 1179 = -f. Is h prime?
False
Let q be 117/52*(2 - 44/6). Is 76116/6 - 2*q/8 a composite number?
False
Is (-12276)/(-2) - 10/6*-3 composite?
False
Let r(o) = 82*o**3 - 3*o**2 + 14*o + 10. Is r(11) a prime number?
True
Let b(f) = 10*f**3 - 5*f**2 + 31*f - 5. Let y = -229 - -235. Is b(y) a prime number?
True
Suppose -4544692 = 53*a - 66*a + 4587795. Is a a prime number?
False
Let g be (20985 - -2) + 2 + (5 - 4). Suppose 0*a = -2*h - 2*a + g, 5*a + 31517 = 3*h. Is h prime?
True
Suppose 0 = -3*d - 471 + 375. Let j be 177/((-6)/(-2) + -2). Let u = j - d. Is u prime?
False
Let t(m) = -2*m**2 + m + 25. Let o be t(-3). Suppose -4182 = -o*g + 47534. Is g prime?
False
Is (13 - 1261/(-1)) + 3 prime?
True
Let t = 145 + -140. Suppose 0 = s + t*x - 1141, -5*s + 5751 = 2*x - 0*x. Is s composite?
False
Let n(a) = -a - 11. Let s be n(-17). Let k(u) = 525*u - 2. Let t be k(s). Suppose 9*p - t = 10829. Is p composite?
False
Let w = 22 + -19. Is -1 + w + 1973 + -2 + 0 composite?
False
Suppose 21*k + 3*k - 20880 = 0. Suppose -5*d + k = -5*n, 4*d - 6*n + 3*n - 701 = 0. Is d a composite number?
False
Let b(f) = 4648*f**2 - 353*f + 2299. Is b(6) a prime number?
False
Suppose 34*x + 31*x - 802194 = 19*x. Is x prime?
False
Suppose v + 0*h + h = 31, -v + h + 41 = 0. Is (60462/v)/(2/4) prime?
True
Let y = 54 - 37. Let v(n) = -n**2 + 17*n + 6. Let l be v(y). Is (-3 + 5 - 0)/(l/1101) a composite number?
False
Suppose 0 = c + c + 4, -4*c = -3*f + 194843. Is (0 - 1) + f + (-124 - -119) a composite number?
True
Let z(t) = -170*t**2 + 25*t - 5. Let d be z(12). Let s = 34151 + d. Let c = s + -6613. Is c a composite number?
True
Let a be 136/36 + (-6)/(-27). Suppose 4*g - 3*n = 31, a*n + 16 = g + 6*n. Suppose 0 = -u + g*u - 9549. Is u a composite number?
False
Suppose -3*l + 383 = 4*k, 3*k - 289 = -5*l + 353. Suppose 2*s - 273 = l. Is s prime?
False
Suppose 5*a = y - 69, -19 = -0*a + 3*a + 5*y. Let h = a + 21. Suppose 7*f = h*f - 179. Is f a prime number?
True
Let r(l) = 4569*l**3 - 2*l**2 + 2*l + 2. Let j(y) = 4569*y**3 - 2*y**2 + 3*y + 2. Let a(g) = 2*j(g) - 3*r(g). Is a(-1) a composite number?
True
Suppose -1 = -3*c - v - 4*v, 0 = 3*c - 3*v - 9. Suppose 0 = -c*g + 1840 + 1402. Is g a prime number?
True
Is (2 + -8 + 506/88)/(1/(-340660)) a composite number?
True
Is (8/4)/(14/295183) a prime number?
True
Let t be (-15258)/(-26) - (-30)/195. Let u = t + 6186. Is u a composite number?
True
Let r(d) = 8*d**2 - 5*d + 2. Let a be r(1). Is (-2210)/(-4)*2/a a prime number?
False
Let x(p) = 50*p**2 + 12*p - 10. Let t be x(12). Suppose -t - 463 = -3*f. Is f composite?
True
Suppose -133*i = 96*i - 64745857. Is i a prime number?
False
Suppose -2*p - p = -9. Let u(z) = 1 - p*z**2 + 4*z**2 + z**2 + z - 120*z**3 + z. Is u(-1) a composite number?
True
Let v = 196125 + -93172. Is v a prime number?
True
Let f(v) = 159534*v + 291. Is f(2) prime?
False
Suppose 9*q + 81321 - 682863 = 0. Suppose -q = -3*d - 703. Is d a prime number?
False
Suppose -18*r + 81*r - 378441 = 0. Is r composite?
False
Suppose -3*d + n + 4 = 0, 2*d + 6*n = 7*n + 2. Suppose 8*t - 3*j = 5*t + 20199, d*t - 5*j = 13472. Is t a prime number?
False
Suppose 0 = 5*g - 61870 + 14135. Let a = g - 5346. Is a a composite number?
False
Let s be (-1)/3*1 - (-1422)/(-27). Let l = -53 - s. Suppose -y + 288 - 23 = l. Is y a composite number?
True
Let z = 57 + 101. Suppose -z*w - 11948 = -162*w. Is w composite?
True
Suppose -5*o + 348 = l, 7*o + 1836 = 5*l + 8*o. Suppose 0*h + 5*z + 751 = 2*h, 5*z - l = -h. Is h a prime number?
True
Let q be 104 - 1*(7 - 6)/(-1). Let v be (112/(-3) + 2)*-3. Let d = v + q. Is d a prime number?
True
Let m be 6*(-3)/6 + 7. Suppose 0 = m*n - 4143 - 2405. Is n prime?
True
Let d(k) = 22*k + 0 + 4*k**2 - 23 + 12 + k**2 + 23*k**3. Is d(6) a prime number?
False
Let f(a) = -a**2 + 5*a - 2. Let b be f(3). Suppose b*n = -16, -4*n + 8282 - 1829 = y. Is y a prime number?
True
Suppose 3*c = -c, c - 2280745 = -5*r. Is r composite?
False
Suppose -6019 = -11*y + 5685. Let a be -1 - (1 - 5*793). Let h = a - y. Is h composite?
True
Let p = -277 + 279. Suppose 304392 = 26*l - p*l. Is l a prime number?
False
Let g = -555939 + 1469530. Is g prime?
False
Suppose 5*j + 88508 = 2*i, -47*j + 88490 = 2*i - 43*j. Is i a prime number?
True
Let t be ((-5)/5 - 6) + -2 + 9. Let s(v) = 36*v - 2. Let h be s(2). Suppose t*f - 45 = -2*f + z, -3*f - z + h = 0. Is f composite?
False
Suppose 0 = 3*t + 3*f + 63318, 2*f = 3*t + 36063 + 27245. Let h = -3585 - t. Is h prime?
True
Let a = 67850 - 14971. Is a a composite number?
False
Let j(t) = t**2 + 16*t + 54. Let i be j(-4). Let d(h) = 328*h + 17. Is d(i) composite?
True
Suppose 11*s - 7*s = 24412. Suppose -z = -3*v + 2027, 2*v = -3*z - 0*v - s. Let x = 2920 + z. Is x composite?
False
Let j(u) = u**3 + 10*u**2 - u - 2. Let x be j(-9). Suppose -1001 = -f - x. Is f a composite number?
True
Let l = 2877 - 1530. Suppose j = 5*o - 2245, -3*o - 22*j = -17*j - l. Is o a composite number?
False
Suppose -y + 6 = -t, -2*y - 2*y + 21 = -t. Let o be t/4 + (-78)/8. Is (3354/15 - 1) + (-4)/o a prime number?
True
Suppose 3*t - 48231 = 3*j, -5*t = -j - 7224 - 8841. Let g = j + 24757. Is g composite?
False
Let i(d) = -30*d + 19. Let s be (45/(-9))/(2/(-42)). Suppose s = 2*c - 9*c. Is i(c) composite?
True
Let c(j) = j**2 - 37*j - 33. Let x be c(38). Suppose -n + i = 6*i - 8316, 0 = -3*n - x*i + 24978. Is n composite?
True
Let z(g) = 10*g**2 - 37*g + 11. Suppose -15*l + 17*l - 2 = 0, 4*a = 4*l - 28. Is z(a) prime?
True
Let r = -63 + -105. Let a be (r/(-18))/(-7)*1*9. Let g = a - -26. Is g composite?
True
Suppose -159*w + 154*w - 214093 = -3*p, 3*w + 142730 = 2*p. Is p a composite number?
True
Let q = -36 - -39. Suppose -q*n = -5*n + 10. Suppose -n*g + 2797 = 3*h + 45, g + 5*h = 546. Is g a prime number?
False
Let w(z) = 294*z**2 - 148*z - 1001. Is w(-7) composite?
True
Suppose -26*n + 22*n = 4*b - 322972, 0 = -4*b + n + 322992. Is b composite?
False
Is (-53)/212 - (18421039/(-28) - 5) prime?
False
Let u(o) = 648*o**2 - 130*o - 489. Is u(-4) a prime number?
True
Let n(k) = k**3 - 14*k**2 + 15*k - 24. Let g be n(13). Suppose g*m = 5*i + 4, -15 = -5*m - 5. Suppose i = d - 302 - 53. Is d a prime number?
False
Let g(f) = 679*f**2 + 34*f - 26. Let q be g(-16). Suppose -q = -4*r - 4*w + 7*w, 0 = -3*r - 3*w + 129951. Is r a composite number?
True
Let g = -101803 + 164132. Is g a composite number?
True
Let p(t) = -42*t + 10. Let q(k) = k**3 - 18*k**2 - 14*k - 31. Let j be q(19). Suppose 2*r = -3*y - j, -r - 3 + 4 = 0. Is p(y) a prime number?
False
Let o = -10646 - -23345. Let g = -8854 + o. Is g composite?
True
Suppose -m + 90 = 17*m. Suppose m*a - 4257 = -x, -3*x - 1240 = -5*a - 14051. Is x a composite number?
True
Let y = 201 + -209. Is -20854*((36/y)/9)/1 prime?
True
Let q(y) = -y**3 - 128*y + 10. Is q(-21) composite?
False
Suppose -v - i + 63784 = 0, 5*v = -0*v + 2*i + 318899. Is v prime?
True
Let x(t) = -2*t**2 - 45*t - 20. Let s be x(-22). Suppose -7*w + s*w + 4827 = -2*k, 2885 =